{"id":98,"date":"2021-09-10T16:12:35","date_gmt":"2021-09-10T15:12:35","guid":{"rendered":"https:\/\/www.anchorenglish.com\/frenchwp\/?page_id=98"},"modified":"2021-09-10T16:21:43","modified_gmt":"2021-09-10T15:21:43","slug":"98-2","status":"publish","type":"page","link":"https:\/\/www.anchorenglish.com\/frenchwp\/98-2\/","title":{"rendered":"FAQ"},"content":{"rendered":"<p>Voici les questions les plus fr\u00e9quemment pos\u00e9es par nos clients. Si vous ne trouvez pas les informations dont vous avez besoin ci-dessous, merci de nous contacter.<\/p>\n<p><strong>Depuis combien de temps Anchor English fonctionne-t-il?<\/strong><br \/>\nAnchor English existe depuis 1999. Depuis sa cr\u00e9ation, nous avons d\u00e9j\u00e0 corrig\u00e9 des milliers de documents.<\/p>\n<p><strong>Est-ce que tous vos correcteurs sont des natifs anglophones?<\/strong><br \/>\nOui. Nous employons uniquement des correcteurs dont la langue maternelle est l\u2019anglais. Mais vous pouvez \u00e9galement sp\u00e9cifier votre pr\u00e9f\u00e9rence pour une correction en anglais britannique ou am\u00e9ricain.<\/p>\n<p><strong>D&#8217;autres compagnies offrent diff\u00e9rents niveaux de correction \u00e0 diff\u00e9rents prix. Pourquoi n\u2019offrez-vous qu\u2019 un niveau unique?<\/strong><br \/>\nSelon nous, offrir des niveaux diff\u00e9rents de correction est inutile et perturbant pour le client. Notre exp\u00e9rience prouve que les clients souhaitent simplement que l&#8217;anglais de leurs documents soit aussi bon que possible. Ils ne veulent pas prendre le risque que des erreurs aient \u00e9t\u00e9 omises parce que le correcteur n&#8217;a effectu\u00e9 qu&#8217;une correction superficielle. Par cons\u00e9quent, nous v\u00e9rifions l&#8217;anglais de chaque document pour nous assurer qu&#8217;il est aussi bon, pr\u00e9cis, et courant que possible, le tout pour un prix tr\u00e8s raisonnable.<\/p>\n<p><strong>Est-ce que je dois payer \u00e0 l&#8217;avance?<\/strong><br \/>\nPour les nouveaux clients ou pour les documents courts, nous demandons le paiement avec la commande. Cependant, pour les clients \u00e9tablis, nous pouvons proposer un paiement \u00e0 la fin des travaux. Cependant, le longeur du document est un facteur important ici.<br \/>\nPour plus d\u2019informations, voir la page <a href=\"https:\/\/www.anchorenglish.com\/frenchwp\/86-2\/\">&#8216;Tarif\/Paiement\u2019.<\/a><\/p>\n<p><strong>Combien de temps faut-il pour corriger un document?<\/strong><br \/>\nVoir notre page <a href=\"https:\/\/www.anchorenglish.com\/frenchwp\/duree-de-revision\/\">&#8216;Dur\u00e9e de r\u00e9vision&#8217;<\/a><\/p>\n<p><strong>Combien co\u00fbte vos services de correction?<\/strong><br \/>\nVeuillez vous reporter \u00e0 la page <a href=\"https:\/\/www.anchorenglish.com\/frenchwp\/86-2\/\">&#8216;Tarif\/Paiement&#8217;<\/a><\/p>\n<p><strong>Comment est-ce que je visualiserai les changements que vous avez apport\u00e9s \u00e0 mon document?<\/strong><br \/>\nQuand nous corrigeons votre document, l\u2019utilisation d\u2019une couleur diff\u00e9rente vous permet de rep\u00e9rer facilement nos interventions. De plus, vous recevez un deuxi\u00e8me document o\u00f9 toutes les modifications apport\u00e9es au document sont identifi\u00e9es: votre document est pr\u00eat \u00e0 \u00eatre exploit\u00e9. Vous trouverez plus de d\u00e9tails sur notre page <a href=\"https:\/\/www.anchorenglish.com\/frenchwp\/notre-systeme-de-correction\/\">&#8216;Syst\u00e8me de correction\u2019.<\/a><\/p>\n<p><strong>Pouvez-vous corriger des documents techniques?<\/strong><br \/>\nOui, nous poss\u00e9dons une grande exp\u00e9rience de la correction technique. Plusieurs de nos clients sont chercheurs dans des domaines scientifiques et techniques avanc\u00e9s, et nous envoient des documents de nature tr\u00e8s technique et sp\u00e9cialis\u00e9e.<\/p>\n<p><strong>Comment se fait le d\u00e9compte du nombre de mots que contient mon document?<\/strong><br \/>\nTout logiciel de traitement de texte poss\u00e8de un outil qui permet de conna\u00eetre le nombre de mots contenus dans un texte.<\/p>\n<p>D&#8217; autres questions\u2026 ? <a href=\"mailto:info@anchorenglish.com\">Contactez-nous ici<\/a><\/p>\n","protected":false},"excerpt":{"rendered":"<p>Voici les questions les plus fr\u00e9quemment pos\u00e9es par nos clients. Si vous ne trouvez pas les informations dont vous avez besoin ci-dessous, merci de nous contacter. Depuis combien de temps Anchor English fonctionne-t-il? Anchor English existe depuis 1999. Depuis sa cr\u00e9ation, nous avons d\u00e9j\u00e0 corrig\u00e9 des milliers de documents. Est-ce que tous vos correcteurs sont [&hellip;]<\/p>\n","protected":false},"author":1,"featured_media":0,"parent":0,"menu_order":0,"comment_status":"closed","ping_status":"closed","template":"","meta":{"ub_ctt_via":"","footnotes":""},"class_list":["post-98","page","type-page","status-publish","hentry"],"featured_image_src":null,"_links":{"self":[{"href":"https:\/\/www.anchorenglish.com\/frenchwp\/wp-json\/wp\/v2\/pages\/98","targetHints":{"allow":["GET"]}}],"collection":[{"href":"https:\/\/www.anchorenglish.com\/frenchwp\/wp-json\/wp\/v2\/pages"}],"about":[{"href":"https:\/\/www.anchorenglish.com\/frenchwp\/wp-json\/wp\/v2\/types\/page"}],"author":[{"embeddable":true,"href":"https:\/\/www.anchorenglish.com\/frenchwp\/wp-json\/wp\/v2\/users\/1"}],"replies":[{"embeddable":true,"href":"https:\/\/www.anchorenglish.com\/frenchwp\/wp-json\/wp\/v2\/comments?post=98"}],"version-history":[{"count":6,"href":"https:\/\/www.anchorenglish.com\/frenchwp\/wp-json\/wp\/v2\/pages\/98\/revisions"}],"predecessor-version":[{"id":110,"href":"https:\/\/www.anchorenglish.com\/frenchwp\/wp-json\/wp\/v2\/pages\/98\/revisions\/110"}],"wp:attachment":[{"href":"https:\/\/www.anchorenglish.com\/frenchwp\/wp-json\/wp\/v2\/media?parent=98"}],"curies":[{"name":"wp","href":"https:\/\/api.w.org\/{rel}","templated":true}]}}